[INFO] cloning repository https://github.com/slacker2/sm-808
[INFO] running `Command { std: "git" "-c" "credential.helper=" "-c" "credential.helper=/workspace/cargo-home/bin/git-credential-null" "clone" "--bare" "https://github.com/slacker2/sm-808" "/workspace/cache/git-repos/https%3A%2F%2Fgithub.com%2Fslacker2%2Fsm-808", kill_on_drop: false }`
[INFO] [stderr] Cloning into bare repository '/workspace/cache/git-repos/https%3A%2F%2Fgithub.com%2Fslacker2%2Fsm-808'...
[INFO] running `Command { std: "git" "rev-parse" "HEAD", kill_on_drop: false }`
[INFO] [stdout] 250b8ae0dfefe88bd2dc2dcd2bd3d4ac499bf875
[INFO] checking slacker2/sm-808 against try#72f88fc4e9458f89516a0b8b0868f3718aec5b47 for pr-74989
[INFO] running `Command { std: "git" "clone" "/workspace/cache/git-repos/https%3A%2F%2Fgithub.com%2Fslacker2%2Fsm-808" "/workspace/builds/worker-8/source", kill_on_drop: false }`
[INFO] [stderr] Cloning into '/workspace/builds/worker-8/source'...
[INFO] [stderr] done.
[INFO] validating manifest of git repo https://github.com/slacker2/sm-808 on toolchain 72f88fc4e9458f89516a0b8b0868f3718aec5b47
[INFO] running `Command { std: "/workspace/cargo-home/bin/cargo" "+72f88fc4e9458f89516a0b8b0868f3718aec5b47" "read-manifest" "--manifest-path" "Cargo.toml", kill_on_drop: false }`
[INFO] started tweaking git repo https://github.com/slacker2/sm-808
[INFO] finished tweaking git repo https://github.com/slacker2/sm-808
[INFO] tweaked toml for git repo https://github.com/slacker2/sm-808 written to /workspace/builds/worker-8/source/Cargo.toml
[INFO] crate git repo https://github.com/slacker2/sm-808 already has a lockfile, it will not be regenerated
[INFO] running `Command { std: "/workspace/cargo-home/bin/cargo" "+72f88fc4e9458f89516a0b8b0868f3718aec5b47" "fetch" "--locked" "--manifest-path" "Cargo.toml", kill_on_drop: false }`
[INFO] [stderr] error: the lock file /workspace/builds/worker-8/source/Cargo.lock needs to be updated but --locked was passed to prevent this
[INFO] [stderr] If you want to try to generate the lock file without accessing the network, use the --offline flag.
[INFO] the lockfile is outdated, regenerating it
[INFO] running `Command { std: "/workspace/cargo-home/bin/cargo" "+72f88fc4e9458f89516a0b8b0868f3718aec5b47" "generate-lockfile" "--manifest-path" "Cargo.toml" "-Zno-index-update", kill_on_drop: false }`
[INFO] running `Command { std: "/workspace/cargo-home/bin/cargo" "+72f88fc4e9458f89516a0b8b0868f3718aec5b47" "fetch" "--locked" "--manifest-path" "Cargo.toml", kill_on_drop: false }`
[INFO] [stderr]     Blocking waiting for file lock on package cache
[INFO] running `Command { std: "docker" "create" "-v" "/var/lib/crater-agent-workspace/builds/worker-8/target:/opt/rustwide/target:rw,Z" "-v" "/var/lib/crater-agent-workspace/builds/worker-8/source:/opt/rustwide/workdir:ro,Z" "-v" "/var/lib/crater-agent-workspace/cargo-home:/opt/rustwide/cargo-home:ro,Z" "-v" "/var/lib/crater-agent-workspace/rustup-home:/opt/rustwide/rustup-home:ro,Z" "-e" "SOURCE_DIR=/opt/rustwide/workdir" "-e" "CARGO_TARGET_DIR=/opt/rustwide/target" "-e" "CARGO_HOME=/opt/rustwide/cargo-home" "-e" "RUSTUP_HOME=/opt/rustwide/rustup-home" "-w" "/opt/rustwide/workdir" "-m" "1610612736" "--user" "0:0" "--network" "none" "rustops/crates-build-env@sha256:d92eaeed33fa75130ca1ee6c8a01d1ffb62bac859dfdfb3450e3e5d1c0146529" "/opt/rustwide/cargo-home/bin/cargo" "+72f88fc4e9458f89516a0b8b0868f3718aec5b47" "metadata" "--no-deps" "--format-version=1", kill_on_drop: false }`
[INFO] [stdout] 6c2a4484592574aecc086c158328981fbef14514cb80c63863d79d532e33740c
[INFO] [stderr] WARNING: Your kernel does not support swap limit capabilities or the cgroup is not mounted. Memory limited without swap.
[INFO] running `Command { std: "docker" "start" "-a" "6c2a4484592574aecc086c158328981fbef14514cb80c63863d79d532e33740c", kill_on_drop: false }`
[INFO] running `Command { std: "docker" "inspect" "6c2a4484592574aecc086c158328981fbef14514cb80c63863d79d532e33740c", kill_on_drop: false }`
[INFO] running `Command { std: "docker" "rm" "-f" "6c2a4484592574aecc086c158328981fbef14514cb80c63863d79d532e33740c", kill_on_drop: false }`
[INFO] [stdout] 6c2a4484592574aecc086c158328981fbef14514cb80c63863d79d532e33740c
[INFO] running `Command { std: "docker" "create" "-v" "/var/lib/crater-agent-workspace/builds/worker-8/target:/opt/rustwide/target:rw,Z" "-v" "/var/lib/crater-agent-workspace/builds/worker-8/source:/opt/rustwide/workdir:ro,Z" "-v" "/var/lib/crater-agent-workspace/cargo-home:/opt/rustwide/cargo-home:ro,Z" "-v" "/var/lib/crater-agent-workspace/rustup-home:/opt/rustwide/rustup-home:ro,Z" "-e" "SOURCE_DIR=/opt/rustwide/workdir" "-e" "CARGO_TARGET_DIR=/opt/rustwide/target" "-e" "CARGO_INCREMENTAL=0" "-e" "RUST_BACKTRACE=full" "-e" "RUSTFLAGS=--cap-lints=forbid" "-e" "CARGO_HOME=/opt/rustwide/cargo-home" "-e" "RUSTUP_HOME=/opt/rustwide/rustup-home" "-w" "/opt/rustwide/workdir" "-m" "1610612736" "--user" "0:0" "--network" "none" "rustops/crates-build-env@sha256:d92eaeed33fa75130ca1ee6c8a01d1ffb62bac859dfdfb3450e3e5d1c0146529" "/opt/rustwide/cargo-home/bin/cargo" "+72f88fc4e9458f89516a0b8b0868f3718aec5b47" "check" "--frozen" "--all" "--all-targets" "--message-format=json", kill_on_drop: false }`
[INFO] [stdout] deb40472164d27e0c6a171c45625b84888ee0c8c630a2cc45e135f2f3690958f
[INFO] [stderr] WARNING: Your kernel does not support swap limit capabilities or the cgroup is not mounted. Memory limited without swap.
[INFO] running `Command { std: "docker" "start" "-a" "deb40472164d27e0c6a171c45625b84888ee0c8c630a2cc45e135f2f3690958f", kill_on_drop: false }`
[INFO] [stderr]    Compiling version_check v0.9.2
[INFO] [stderr]    Compiling syn v1.0.41
[INFO] [stderr]    Compiling proc-macro-hack v0.5.18
[INFO] [stderr]    Compiling const_fn v0.4.2
[INFO] [stderr]    Compiling standback v0.2.10
[INFO] [stderr]    Compiling time v0.2.19
[INFO] [stderr]    Compiling time-macros-impl v0.1.1
[INFO] [stderr]     Checking time-macros v0.1.0
[INFO] [stderr]     Checking drum_machine v0.0.1 (/opt/rustwide/workdir)
[INFO] [stdout] warning: `...` range patterns are deprecated
[INFO] [stdout]   --> src/sequence/sequence.rs:27:14
[INFO] [stdout]    |
[INFO] [stdout] 27 |             1...0b11111111 => 8,
[INFO] [stdout]    |              ^^^ help: use `..=` for an inclusive range
[INFO] [stdout]    |
[INFO] [stdout]    = note: `#[warn(ellipsis_inclusive_range_patterns)]` on by default
[INFO] [stdout] 
[INFO] [stdout] 
[INFO] [stdout] warning: `...` range patterns are deprecated
[INFO] [stdout]   --> src/sequence/sequence.rs:28:24
[INFO] [stdout]    |
[INFO] [stdout] 28 |             0b100000000...0b1111111111111111 => 16,
[INFO] [stdout]    |                        ^^^ help: use `..=` for an inclusive range
[INFO] [stdout] 
[INFO] [stdout] 
[INFO] [stdout] warning: `...` range patterns are deprecated
[INFO] [stdout]   --> src/sequence/sequence.rs:29:32
[INFO] [stdout]    |
[INFO] [stdout] 29 |             0b10000000000000000...4294967295 => 32,
[INFO] [stdout]    |                                ^^^ help: use `..=` for an inclusive range
[INFO] [stdout] 
[INFO] [stdout] 
[INFO] [stdout] warning: use of deprecated function `std::thread::sleep_ms`: replaced by `std::thread::sleep`
[INFO] [stdout]   --> src/track/track.rs:64:13
[INFO] [stdout]    |
[INFO] [stdout] 64 |             thread::sleep_ms(step_time);
[INFO] [stdout]    |             ^^^^^^^^^^^^^^^^
[INFO] [stdout]    |
[INFO] [stdout]    = note: `#[warn(deprecated)]` on by default
[INFO] [stdout] 
[INFO] [stdout] 
[INFO] [stdout] warning: `...` range patterns are deprecated
[INFO] [stdout]   --> src/sequence/sequence.rs:27:14
[INFO] [stdout]    |
[INFO] [stdout] 27 |             1...0b11111111 => 8,
[INFO] [stdout]    |              ^^^ help: use `..=` for an inclusive range
[INFO] [stdout]    |
[INFO] [stdout]    = note: `#[warn(ellipsis_inclusive_range_patterns)]` on by default
[INFO] [stdout] 
[INFO] [stdout] 
[INFO] [stdout] warning: `...` range patterns are deprecated
[INFO] [stdout]   --> src/sequence/sequence.rs:28:24
[INFO] [stdout]    |
[INFO] [stdout] 28 |             0b100000000...0b1111111111111111 => 16,
[INFO] [stdout]    |                        ^^^ help: use `..=` for an inclusive range
[INFO] [stdout] 
[INFO] [stdout] 
[INFO] [stdout] warning: `...` range patterns are deprecated
[INFO] [stdout]   --> src/sequence/sequence.rs:29:32
[INFO] [stdout]    |
[INFO] [stdout] 29 |             0b10000000000000000...4294967295 => 32,
[INFO] [stdout]    |                                ^^^ help: use `..=` for an inclusive range
[INFO] [stdout] 
[INFO] [stdout] 
[INFO] [stdout] warning: use of deprecated function `std::thread::sleep_ms`: replaced by `std::thread::sleep`
[INFO] [stdout]   --> src/track/track.rs:64:13
[INFO] [stdout]    |
[INFO] [stdout] 64 |             thread::sleep_ms(step_time);
[INFO] [stdout]    |             ^^^^^^^^^^^^^^^^
[INFO] [stdout]    |
[INFO] [stdout]    = note: `#[warn(deprecated)]` on by default
[INFO] [stdout] 
[INFO] [stdout] 
[INFO] [stdout] error[E0599]: no function or associated item named `from_str` found for struct `String` in the current scope
[INFO] [stdout]   --> src/track/track.rs:19:33
[INFO] [stdout]    |
[INFO] [stdout] 19 |         "kick+snare" => String::from_str("boom click"),
[INFO] [stdout]    |                                 ^^^^^^^^ function or associated item not found in `String`
[INFO] [stdout]    |
[INFO] [stdout]    = help: items from traits can only be used if the trait is in scope
[INFO] [stdout]    = note: the following trait is implemented but not in scope; perhaps add a `use` for it:
[INFO] [stdout]            `use std::str::FromStr;`
[INFO] [stdout] 
[INFO] [stdout] 
[INFO] [stdout] error[E0599]: no function or associated item named `from_str` found for struct `String` in the current scope
[INFO] [stdout]   --> src/track/track.rs:20:33
[INFO] [stdout]    |
[INFO] [stdout] 20 |         "kick"       => String::from_str("boom"),
[INFO] [stdout]    |                                 ^^^^^^^^ function or associated item not found in `String`
[INFO] [stdout]    |
[INFO] [stdout]    = help: items from traits can only be used if the trait is in scope
[INFO] [stdout]    = note: the following trait is implemented but not in scope; perhaps add a `use` for it:
[INFO] [stdout]            `use std::str::FromStr;`
[INFO] [stdout] 
[INFO] [stdout] 
[INFO] [stdout] error[E0599]: no function or associated item named `from_str` found for struct `String` in the current scope
[INFO] [stdout]   --> src/track/track.rs:21:33
[INFO] [stdout]    |
[INFO] [stdout] 21 |         "snare"      => String::from_str("click"),
[INFO] [stdout]    |                                 ^^^^^^^^ function or associated item not found in `String`
[INFO] [stdout]    |
[INFO] [stdout]    = help: items from traits can only be used if the trait is in scope
[INFO] [stdout]    = note: the following trait is implemented but not in scope; perhaps add a `use` for it:
[INFO] [stdout]            `use std::str::FromStr;`
[INFO] [stdout] 
[INFO] [stdout] 
[INFO] [stdout] error[E0599]: no function or associated item named `from_str` found for struct `String` in the current scope
[INFO] [stdout]   --> src/track/track.rs:22:33
[INFO] [stdout]    |
[INFO] [stdout] 22 |         "hihat"      => String::from_str("ting"),
[INFO] [stdout]    |                                 ^^^^^^^^ function or associated item not found in `String`
[INFO] [stdout]    |
[INFO] [stdout]    = help: items from traits can only be used if the trait is in scope
[INFO] [stdout]    = note: the following trait is implemented but not in scope; perhaps add a `use` for it:
[INFO] [stdout]            `use std::str::FromStr;`
[INFO] [stdout] 
[INFO] [stdout] 
[INFO] [stdout] error[E0599]: no function or associated item named `from_str` found for struct `String` in the current scope
[INFO] [stdout]   --> src/track/track.rs:23:33
[INFO] [stdout]    |
[INFO] [stdout] 23 |         _            => String::from_str("")
[INFO] [stdout]    |                                 ^^^^^^^^ function or associated item not found in `String`
[INFO] [stdout]    |
[INFO] [stdout]    = help: items from traits can only be used if the trait is in scope
[INFO] [stdout]    = note: the following trait is implemented but not in scope; perhaps add a `use` for it:
[INFO] [stdout]            `use std::str::FromStr;`
[INFO] [stdout] 
[INFO] [stdout] 
[INFO] [stdout] error: aborting due to 5 previous errors; 4 warnings emitted
[INFO] [stdout] 
[INFO] [stdout] 
[INFO] [stdout] For more information about this error, try `rustc --explain E0599`.
[INFO] [stdout] 
[INFO] [stderr] error: could not compile `drum_machine`.
[INFO] [stderr] 
[INFO] [stderr] To learn more, run the command again with --verbose.
[INFO] [stderr] warning: build failed, waiting for other jobs to finish...
[INFO] [stdout] error[E0599]: no function or associated item named `from_str` found for struct `String` in the current scope
[INFO] [stdout]   --> src/track/track.rs:19:33
[INFO] [stdout]    |
[INFO] [stdout] 19 |         "kick+snare" => String::from_str("boom click"),
[INFO] [stdout]    |                                 ^^^^^^^^ function or associated item not found in `String`
[INFO] [stdout]    |
[INFO] [stdout]    = help: items from traits can only be used if the trait is in scope
[INFO] [stdout]    = note: the following trait is implemented but not in scope; perhaps add a `use` for it:
[INFO] [stdout]            `use std::str::FromStr;`
[INFO] [stdout] 
[INFO] [stdout] 
[INFO] [stdout] error[E0599]: no function or associated item named `from_str` found for struct `String` in the current scope
[INFO] [stdout]   --> src/track/track.rs:20:33
[INFO] [stdout]    |
[INFO] [stdout] 20 |         "kick"       => String::from_str("boom"),
[INFO] [stdout]    |                                 ^^^^^^^^ function or associated item not found in `String`
[INFO] [stdout]    |
[INFO] [stdout]    = help: items from traits can only be used if the trait is in scope
[INFO] [stdout]    = note: the following trait is implemented but not in scope; perhaps add a `use` for it:
[INFO] [stdout]            `use std::str::FromStr;`
[INFO] [stdout] 
[INFO] [stdout] 
[INFO] [stdout] error[E0599]: no function or associated item named `from_str` found for struct `String` in the current scope
[INFO] [stdout]   --> src/track/track.rs:21:33
[INFO] [stdout]    |
[INFO] [stdout] 21 |         "snare"      => String::from_str("click"),
[INFO] [stdout]    |                                 ^^^^^^^^ function or associated item not found in `String`
[INFO] [stdout]    |
[INFO] [stdout]    = help: items from traits can only be used if the trait is in scope
[INFO] [stdout]    = note: the following trait is implemented but not in scope; perhaps add a `use` for it:
[INFO] [stdout]            `use std::str::FromStr;`
[INFO] [stdout] 
[INFO] [stdout] 
[INFO] [stdout] error[E0599]: no function or associated item named `from_str` found for struct `String` in the current scope
[INFO] [stdout]   --> src/track/track.rs:22:33
[INFO] [stdout]    |
[INFO] [stdout] 22 |         "hihat"      => String::from_str("ting"),
[INFO] [stdout]    |                                 ^^^^^^^^ function or associated item not found in `String`
[INFO] [stdout]    |
[INFO] [stdout]    = help: items from traits can only be used if the trait is in scope
[INFO] [stdout]    = note: the following trait is implemented but not in scope; perhaps add a `use` for it:
[INFO] [stdout]            `use std::str::FromStr;`
[INFO] [stdout] 
[INFO] [stdout] 
[INFO] [stdout] error[E0599]: no function or associated item named `from_str` found for struct `String` in the current scope
[INFO] [stdout]   --> src/track/track.rs:23:33
[INFO] [stdout]    |
[INFO] [stdout] 23 |         _            => String::from_str("")
[INFO] [stdout]    |                                 ^^^^^^^^ function or associated item not found in `String`
[INFO] [stdout]    |
[INFO] [stdout]    = help: items from traits can only be used if the trait is in scope
[INFO] [stdout]    = note: the following trait is implemented but not in scope; perhaps add a `use` for it:
[INFO] [stdout]            `use std::str::FromStr;`
[INFO] [stdout] 
[INFO] [stdout] 
[INFO] [stdout] error: aborting due to 5 previous errors; 4 warnings emitted
[INFO] [stdout] 
[INFO] [stdout] 
[INFO] [stdout] For more information about this error, try `rustc --explain E0599`.
[INFO] [stdout] 
[INFO] [stderr] error: build failed
[INFO] running `Command { std: "docker" "inspect" "deb40472164d27e0c6a171c45625b84888ee0c8c630a2cc45e135f2f3690958f", kill_on_drop: false }`
[INFO] running `Command { std: "docker" "rm" "-f" "deb40472164d27e0c6a171c45625b84888ee0c8c630a2cc45e135f2f3690958f", kill_on_drop: false }`
[INFO] [stdout] deb40472164d27e0c6a171c45625b84888ee0c8c630a2cc45e135f2f3690958f
